6)/(-5))/(1/20). Let s be 4/14 - (-12)/(-42). Suppose s*x - 26 = -2*x. Calculate the greatest common divisor of u and x.
13
Suppose v - 2 = 2*v. Let s be (-1)/v - 3/6. Suppose a - 27 = -s*a. Calculate the greatest common divisor of a and 3.
3
Let m(f) = -2*f + 3. Let z be m(7). Let r = z - -24. Suppose 4*j = 3*o - 27, -4*o + 5*j + 43 = 2*j. What is the highest common factor of r and o?
13
Let x = -16 + 111. What is the highest common factor of 19 and x?
19
Suppose 2*b - 3*b + 31 = 0. Suppose 0 = -h - c + b, 27 = h - 4*c + c. Calculate the highest common divisor of h and 10.
10
Let k = -34 - -43. What is the greatest common divisor of 1 and k?
1
Suppose -3*o + 1132 = -7*o. Let z = o - -413. What is the highest common factor of z and 52?
26
Suppose 63 = 4*n - n + 5*t, 0 = -n + 5*t + 41. Suppose l = o - 26, o - 2*o + 5*l = -n. Let m = o + 37. What is the highest common divisor of 21 and m?
21
Let j be -3 - 1*-34 - 3. Let f = -16 + j. What is the highest common divisor of 108 and f?
12
Let h = -17 + 19. Calculate the greatest common factor of 14 and h.
2
Let u be -5*(-3)/(2 + 1). Suppose -4*t + 6 = -6, 0 = u*z + 2*t - 391. What is the highest common divisor of 11 and z?
11
Suppose 0 = 2*h - 5*h + 147. Let k be 61/9 - (-8)/36. What is the greatest common divisor of k and h?
7
Suppose 3*d + 267 = -0*d. Let l = d + 144. Let t = 7 + -2. Calculate the greatest common divisor of t and l.
5
Suppose -b = -14 + 11. Suppose 3*o + 3*j - 60 = 0, b*o - 4*j = j + 36. Calculate the greatest common factor of o and 34.
17
Let d = -32 - -56. Let c be ((-16)/10)/((-3)/180). What is the highest common factor of c and d?
24
Let z = -8 - 76. Let g be z/(-9) - (-6)/9. Let w(k) = 2*k**2 + 10*k + 8. Let d be w(-6). What is the greatest common factor of g and d?
10
Let v(a) = 202*a**2 - a. Suppose 4*o + 4 = -0. Let w be v(o). What is the greatest common factor of w and 29?
29
Let k(d) = 2*d**2 + 4*d - 3. Let a be k(-4). Let g be 8/20*5 + 20. Let i = 17 + g. What is the greatest common divisor of i and a?
13
Suppose 2*k + k - 15 = 0. Let m = k + -3. What is the greatest common factor of 2 and m?
2
Let i(a) = -a**3 + 5*a**2 - 2*a - 5. Let j be i(4). Let g(k) = k**3 - k**2 - k - 1. Let o be g(j). What is the greatest common factor of o and 112?
14
Let l = -73 + 133. Calculate the highest common factor of l and 24.
12
Let f(x) = -x**3 + 3*x + 1. Let b be f(-2). Suppose 0 = -b*w - 0*w + 9. Suppose w*u - 54 = -0*u. What is the greatest common divisor of 6 and u?
6
Let f(y) = -2*y + 5. Let s be f(3). Let a be -1 - (s + (-2 - 24)). What is the greatest common factor of 65 and a?
13
Suppose 0 = -4*l + 5*a - 105 + 261, a + 174 = 5*l. What is the greatest common factor of 51 and l?
17
Let j = -8 + 23. Calculate the highest common factor of j and 30.
15
Suppose 0 = -4*d + 3*d + 2. What is the highest common factor of d and 2?
2
Let d be ((-152)/(-5))/((-26)/(-65)). Calculate the highest common factor of d and 190.
38
Let v(m) = 59*m**3 + m**2 - m + 1. Let f be v(1). What is the greatest common divisor of 12 and f?
12
Let g(a) = -7*a + 7. Let l(h) = 11*h - 10. Let s(i) = 8*g(i) + 5*l(i). Let n be s(3). Let y be -4*(-2 + 10/8). Calculate the highest common factor of n and y.
3
Let r(m) = 8*m**3 + m**2 + m - 2. Let g be r(1). Calculate the highest common factor of g and 40.
8
Suppose -5*y = o + 11, 3*o - 6*o + 5*y + 27 = 0. Suppose -3*f + o*c + c = -76, 0 = -4*f + 5*c + 93. What is the highest common factor of 34 and f?
17
Let o = 6 - 2. Let d be 42/15*10/o. Calculate the highest common factor of 7 and d.
7
Let i(k) = 13*k**3 - 2*k + 1. Let s be i(1). Let t(n) = -n**2 + 27*n - 56. Let y be t(23). What is the highest common factor of s and y?
12
Let a(o) = 5*o**2 + 9*o - 4 - o**2 - 3*o**2. Let f be a(-10). Let m(q) = 3*q**2 + 2*q + 1. Let j be m(-1). What is the highest common divisor of j and f?
2
Let k be -6*(-2 - 1/2). Let d = 3 + -19. Let i be d/4 + 1 - -138. Calculate the greatest common divisor of i and k.
15
Let a(p) = 3*p + 1. Let r = 7 + -4. Let m be a(r). Let d be 45*((-14)/m - -2). What is the highest common divisor of d and 18?
9
Let n(k) = -k**2 + 4*k - 6. Let w be n(4). Let m = w - -10. Calculate the greatest common factor of m and 8.
4
Let v(l) = 11*l**2 - 7*l - 16. Let i be v(-3). Calculate the greatest common divisor of i and 156.
52
Let h be -4 + 1 + 8 + -3. Suppose 0 = -h*f + 11 + 17. Calculate the highest common divisor of f and 21.
7
Let o be ((-6)/10)/(1/(-5)). Suppose 0 = -r - 4*b, o*r + r - b = 68. Suppose -5*p - 4*w = -261, -3*w + r = w. What is the highest common factor of p and 7?
7
Let t(y) = -11*y + 11. Let d be t(-7). What is the highest common divisor of 8 and d?
8
Let p(u) = -4 + 4*u**2 + 0 + 3*u**2 - u - u**3 + 10*u. Let l be p(8). Suppose 13 + 15 = l*d. What is the greatest common factor of d and 77?
7
Let j be 1/(-4) + (-5)/(-20). Let p = 3 + j. Suppose 4*u + u - 105 = 0. Calculate the highest common factor of u and p.
3
Let t = 242 + -173. Suppose -2*r + 2*h + 27 = -11, t = 3*r + 3*h. What is the greatest common factor of r and 189?
21
Suppose -3*y = y. Suppose -3*o + 0*z + 2*z + 91 = y, o + 5*z = 2. Suppose 6*h = 3*h + 54. What is the highest common divisor of h and o?
9
Let c(z) = z**3 - 4*z**2 - 4. Let n be c(6). Suppose -o + 4*h = o - n, -38 = -2*o - 2*h. What is the greatest common factor of o and 12?
12
Let i = 121 + -225. Let p be (3/(-6))/(2/i). Let r(v) = v**3 - 4*v**2 + 3*v - 1. Let b be r(5). What is the highest common divisor of p and b?
13
Let d be (-48)/(-4) - (-3)/((-6)/(-4)). Calculate the highest common divisor of d and 126.
14
Suppose -3*c = -c - 8. Suppose 32 = 3*y + c*o, -2*y + o + 9 = -27. Calculate the highest common factor of y and 32.
16
Let r(z) = z**3 + 4*z**2. Let w be r(-4). Suppose w = -q + 4 + 1. Let o be ((-27)/9)/(6/(-10)). What is the highest common factor of q and o?
5
Let f = -176 + 302. What is the highest common divisor of 21 and f?
21
Let w(s) = 11*s + 2. Let q be w(3). Let m(n) = -n**3 - 17*n**2 + n + 24. Let b be m(-17). What is the greatest common factor of q and b?
7
Let f(v) = v - 4. Let j be f(7). Suppose -4*z - 127 + 11 = -3*x, 2*x - j*z = 77. What is the greatest common divisor of x and 5?
5
Let v = -238 + 394. What is the highest common divisor of 13 and v?
13
Suppose 3*s = -u + 5*s + 22, -2*s - 66 = -3*u. Let x be 2/(-4)*u*-1. Let t be 6/10*165/1. What is the greatest common factor of t and x?
11
Let y = 80 - 49. What is the highest common factor of y and 124?
31
Let y = 234 - 129. What is the greatest common factor of 15 and y?
15
Let j = 218 - 155. What is the highest common factor of j and 21?
21
Let a(v) = 2*v**2 + 2*v - 2. Let j be a(-4). Let x = j - -11. Calculate the highest common factor of 22 and x.
11
Let u = 2 + 0. Suppose -u*c - 6 = 0, -2*d + 26 = -5*c + c. Let f(x) = 6*x - 4. Let v be f(10). Calculate the highest common factor of d and v.
7
Let p(v) = v**2 + 13*v + 4. Let g be p(-13). Calculate the greatest common factor of 44 and g.
4
Let r be 2/11 + (-652)/(-44). Let v be (-2 - 3/3) + r. Suppose -2*g + w = -4*w - 177, 0 = -5*g - w + 483. What is the greatest common factor of v and g?
12
Let d be 250/(-8) + 2/8. Let w = 94 + d. What is the greatest common divisor of w and 7?
7
Let f(u) = 28*u**2 - 3*u - 2. Let w be f(-2). Suppose -6*t + t + 4*g = -w, -t + g = -24. What is the highest common factor of 5 and t?
5
Let h(x) be the first derivative of x**3/3 - x**2 - 3*x - 1. Let j be (-9)/(-2) - (-5)/10. Let f be h(j). Calculate the highest common factor of 108 and f.
12
Let v(u) = -u**3 - 7*u**2 - 10*u - 9. Let t be v(-6). Let f(p) = 2*p**2 - 11*p - 30. Let x be f(13). Calculate the highest common factor of t and x.
15
Let i(v) = v**2 - 10*v + 10. Let c be i(7). Let q(n) = -6*n + 14. Let w be q(c). What is the highest common divisor of 16 and w?
16
Suppose -a = 3*a + 24. Let h be a*88/(-6) + 0. What is the highest common divisor of h and 22?
22
Suppose -3*m = -11 - 10. Suppose m*y - 2*y + 3*j = 4, -5*y = 4*j - 2. Calculate the highest common divisor of y and 14.
2
Let j = -155 + 230. Let c be (-59)/(0 - 2/4). Let a be c/8 + 3/12. Calculate the greatest common divisor of a and j.
15
Let a be (-103)/(-5) + 18/(-30). Calculate the greatest common divisor of 60 and a.
20
Let w be -3 - (-11 + 2 